{"id":22,"date":"2016-02-12T08:11:05","date_gmt":"2016-02-12T08:11:05","guid":{"rendered":"http:\/\/demos.famethemes.com\/onepress\/?page_id=22"},"modified":"2026-01-31T11:35:11","modified_gmt":"2026-01-31T10:35:11","slug":"https-vttlamalmaire-fr-index-php-les-brumes-dautomne","status":"publish","type":"page","link":"https:\/\/vttlamalmaire.fr\/index.php\/https-vttlamalmaire-fr-index-php-les-brumes-dautomne\/","title":{"rendered":"11 Octobre"},"content":{"rendered":"\n<p><strong>RANDONN\u00c9E VTT TOUS PUBLICS<\/strong><\/p>\n\n\n\n<p>La randonn\u00e9e o\u00f9 chaque participant, du plus exp\u00e9riment\u00e9 au d\u00e9butant y trouvera son compte.<\/p>\n\n\n\n<p>La&nbsp;<strong>RANDO VTT \u00e0 la carte<\/strong><\/p>\n\n\n\n<ul class=\"wp-block-list\">\n<li>Distances de 25 \u00e0 75 km avec&nbsp;<strong>de nombreuses variantes&nbsp;<\/strong>qui permettent de simplifier ou durcir le parcours<\/li>\n\n\n\n<li><strong>Parcours fl\u00e9ch\u00e9s et balis\u00e9s<\/strong>&nbsp;avec panneau de localisation \u00e0 chaque travers\u00e9e de route<\/li>\n\n\n\n<li><strong>Randonn\u00e9e gratuite<\/strong>&nbsp;pour les mineurs accompagn\u00e9s<\/li>\n<\/ul>\n\n\n\n<p>2 ravitaillements sur les parcours ainsi qu\u2019une boisson et un sandwich \u00e0 l\u2019arriv\u00e9e compris dans l\u2019inscription.&nbsp;Le d\u00e9part s\u2019effectue \u00e0 partir de 8h00 \u00e0 la Salle Vermeulen, rue Marcel Carlier, 60610 Lacroix-Saint-Ouen<\/p>\n\n\n\n<p>Tarif 6 \u20ac (25-35 km), 9 \u20ac (45-55-65-75 km), gratuit pour les mineurs et inscription obligatoire sur\u00a0<strong><a href=\"https:\/\/adeorun.com\/\" target=\"_blank\" rel=\"noreferrer noopener\">Adeorun<\/a><\/strong><\/p>\n\n\n\n<p><\/p>\n","protected":false},"excerpt":{"rendered":"<p>RANDONN\u00c9E VTT TOUS PUBLICS La randonn\u00e9e o\u00f9 chaque participant, du plus exp\u00e9riment\u00e9 au d\u00e9butant y trouvera son compte. La&nbsp;RANDO VTT \u00e0 la carte 2 ravitaillements sur les parcours ainsi qu\u2019une &#8230;<\/p>\n","protected":false},"author":2,"featured_media":1732,"parent":0,"menu_order":0,"comment_status":"closed","ping_status":"closed","template":"","meta":{"pgc_sgb_lightbox_settings":"","footnotes":""},"class_list":["post-22","page","type-page","status-publish","has-post-thumbnail","hentry"],"yoast_head":"<!-- This site is optimized with the Yoast SEO plugin v24.4 - https:\/\/yoast.com\/wordpress\/plugins\/seo\/ -->\n<title>11 Octobre - La Malmaire VTT<\/title>\n<meta name=\"robots\" content=\"index, follow, max-snippet:-1, max-image-preview:large, max-video-preview:-1\" \/>\n<link rel=\"canonical\" href=\"https:\/\/vttlamalmaire.fr\/index.php\/https-vttlamalmaire-fr-index-php-les-brumes-dautomne\/\" \/>\n<meta property=\"og:locale\" content=\"en_US\" \/>\n<meta property=\"og:type\" content=\"article\" \/>\n<meta property=\"og:title\" content=\"11 Octobre - La Malmaire VTT\" \/>\n<meta property=\"og:description\" content=\"RANDONN\u00c9E VTT TOUS PUBLICS La randonn\u00e9e o\u00f9 chaque participant, du plus exp\u00e9riment\u00e9 au d\u00e9butant y trouvera son compte. La&nbsp;RANDO VTT \u00e0 la carte 2 ravitaillements sur les parcours ainsi qu\u2019une ...\" \/>\n<meta property=\"og:url\" content=\"https:\/\/vttlamalmaire.fr\/index.php\/https-vttlamalmaire-fr-index-php-les-brumes-dautomne\/\" \/>\n<meta property=\"og:site_name\" content=\"La Malmaire VTT\" \/>\n<meta property=\"article:publisher\" content=\"https:\/\/www.facebook.com\/p\/VTT-La-Malmaire-61550856553025\/\" \/>\n<meta property=\"article:modified_time\" content=\"2026-01-31T10:35:11+00:00\" \/>\n<meta property=\"og:image\" content=\"http:\/\/vttlamalmaire.fr\/wp-content\/uploads\/2026\/01\/Brumes-medail2.jpg\" \/>\n\t<meta property=\"og:image:width\" content=\"640\" \/>\n\t<meta property=\"og:image:height\" content=\"350\" \/>\n\t<meta property=\"og:image:type\" content=\"image\/jpeg\" \/>\n<meta name=\"twitter:card\" content=\"summary_large_image\" \/>\n<meta name=\"twitter:label1\" content=\"Est. reading time\" \/>\n\t<meta name=\"twitter:data1\" content=\"1 minute\" \/>\n<script type=\"application\/ld+json\" class=\"yoast-schema-graph\">{\"@context\":\"https:\/\/schema.org\",\"@graph\":[{\"@type\":\"WebPage\",\"@id\":\"https:\/\/vttlamalmaire.fr\/index.php\/https-vttlamalmaire-fr-index-php-les-brumes-dautomne\/\",\"url\":\"https:\/\/vttlamalmaire.fr\/index.php\/https-vttlamalmaire-fr-index-php-les-brumes-dautomne\/\",\"name\":\"11 Octobre - La Malmaire VTT\",\"isPartOf\":{\"@id\":\"https:\/\/vttlamalmaire.fr\/#website\"},\"primaryImageOfPage\":{\"@id\":\"https:\/\/vttlamalmaire.fr\/index.php\/https-vttlamalmaire-fr-index-php-les-brumes-dautomne\/#primaryimage\"},\"image\":{\"@id\":\"https:\/\/vttlamalmaire.fr\/index.php\/https-vttlamalmaire-fr-index-php-les-brumes-dautomne\/#primaryimage\"},\"thumbnailUrl\":\"https:\/\/vttlamalmaire.fr\/wp-content\/uploads\/2026\/01\/Brumes-medail2.jpg\",\"datePublished\":\"2016-02-12T08:11:05+00:00\",\"dateModified\":\"2026-01-31T10:35:11+00:00\",\"breadcrumb\":{\"@id\":\"https:\/\/vttlamalmaire.fr\/index.php\/https-vttlamalmaire-fr-index-php-les-brumes-dautomne\/#breadcrumb\"},\"inLanguage\":\"en-US\",\"potentialAction\":[{\"@type\":\"ReadAction\",\"target\":[\"https:\/\/vttlamalmaire.fr\/index.php\/https-vttlamalmaire-fr-index-php-les-brumes-dautomne\/\"]}]},{\"@type\":\"ImageObject\",\"inLanguage\":\"en-US\",\"@id\":\"https:\/\/vttlamalmaire.fr\/index.php\/https-vttlamalmaire-fr-index-php-les-brumes-dautomne\/#primaryimage\",\"url\":\"https:\/\/vttlamalmaire.fr\/wp-content\/uploads\/2026\/01\/Brumes-medail2.jpg\",\"contentUrl\":\"https:\/\/vttlamalmaire.fr\/wp-content\/uploads\/2026\/01\/Brumes-medail2.jpg\",\"width\":640,\"height\":350},{\"@type\":\"BreadcrumbList\",\"@id\":\"https:\/\/vttlamalmaire.fr\/index.php\/https-vttlamalmaire-fr-index-php-les-brumes-dautomne\/#breadcrumb\",\"itemListElement\":[{\"@type\":\"ListItem\",\"position\":1,\"name\":\"Accueil\",\"item\":\"https:\/\/vttlamalmaire.fr\/\"},{\"@type\":\"ListItem\",\"position\":2,\"name\":\"11 Octobre\"}]},{\"@type\":\"WebSite\",\"@id\":\"https:\/\/vttlamalmaire.fr\/#website\",\"url\":\"https:\/\/vttlamalmaire.fr\/\",\"name\":\"vttlamalmaire\",\"description\":\"\",\"publisher\":{\"@id\":\"https:\/\/vttlamalmaire.fr\/#organization\"},\"potentialAction\":[{\"@type\":\"SearchAction\",\"target\":{\"@type\":\"EntryPoint\",\"urlTemplate\":\"https:\/\/vttlamalmaire.fr\/?s={search_term_string}\"},\"query-input\":{\"@type\":\"PropertyValueSpecification\",\"valueRequired\":true,\"valueName\":\"search_term_string\"}}],\"inLanguage\":\"en-US\"},{\"@type\":\"Organization\",\"@id\":\"https:\/\/vttlamalmaire.fr\/#organization\",\"name\":\"La Malmaire VTT\",\"url\":\"https:\/\/vttlamalmaire.fr\/\",\"logo\":{\"@type\":\"ImageObject\",\"inLanguage\":\"en-US\",\"@id\":\"https:\/\/vttlamalmaire.fr\/#\/schema\/logo\/image\/\",\"url\":\"https:\/\/vttlamalmaire.fr\/wp-content\/uploads\/2025\/02\/logo-malmaire-texte-bd.jpg\",\"contentUrl\":\"https:\/\/vttlamalmaire.fr\/wp-content\/uploads\/2025\/02\/logo-malmaire-texte-bd.jpg\",\"width\":160,\"height\":22,\"caption\":\"La Malmaire VTT\"},\"image\":{\"@id\":\"https:\/\/vttlamalmaire.fr\/#\/schema\/logo\/image\/\"},\"sameAs\":[\"https:\/\/www.facebook.com\/p\/VTT-La-Malmaire-61550856553025\/\"]}]}<\/script>\n<!-- \/ Yoast SEO plugin. -->","yoast_head_json":{"title":"11 Octobre - La Malmaire VTT","robots":{"index":"index","follow":"follow","max-snippet":"max-snippet:-1","max-image-preview":"max-image-preview:large","max-video-preview":"max-video-preview:-1"},"canonical":"https:\/\/vttlamalmaire.fr\/index.php\/https-vttlamalmaire-fr-index-php-les-brumes-dautomne\/","og_locale":"en_US","og_type":"article","og_title":"11 Octobre - La Malmaire VTT","og_description":"RANDONN\u00c9E VTT TOUS PUBLICS La randonn\u00e9e o\u00f9 chaque participant, du plus exp\u00e9riment\u00e9 au d\u00e9butant y trouvera son compte. La&nbsp;RANDO VTT \u00e0 la carte 2 ravitaillements sur les parcours ainsi qu\u2019une ...","og_url":"https:\/\/vttlamalmaire.fr\/index.php\/https-vttlamalmaire-fr-index-php-les-brumes-dautomne\/","og_site_name":"La Malmaire VTT","article_publisher":"https:\/\/www.facebook.com\/p\/VTT-La-Malmaire-61550856553025\/","article_modified_time":"2026-01-31T10:35:11+00:00","og_image":[{"width":640,"height":350,"url":"http:\/\/vttlamalmaire.fr\/wp-content\/uploads\/2026\/01\/Brumes-medail2.jpg","type":"image\/jpeg"}],"twitter_card":"summary_large_image","twitter_misc":{"Est. reading time":"1 minute"},"schema":{"@context":"https:\/\/schema.org","@graph":[{"@type":"WebPage","@id":"https:\/\/vttlamalmaire.fr\/index.php\/https-vttlamalmaire-fr-index-php-les-brumes-dautomne\/","url":"https:\/\/vttlamalmaire.fr\/index.php\/https-vttlamalmaire-fr-index-php-les-brumes-dautomne\/","name":"11 Octobre - La Malmaire VTT","isPartOf":{"@id":"https:\/\/vttlamalmaire.fr\/#website"},"primaryImageOfPage":{"@id":"https:\/\/vttlamalmaire.fr\/index.php\/https-vttlamalmaire-fr-index-php-les-brumes-dautomne\/#primaryimage"},"image":{"@id":"https:\/\/vttlamalmaire.fr\/index.php\/https-vttlamalmaire-fr-index-php-les-brumes-dautomne\/#primaryimage"},"thumbnailUrl":"https:\/\/vttlamalmaire.fr\/wp-content\/uploads\/2026\/01\/Brumes-medail2.jpg","datePublished":"2016-02-12T08:11:05+00:00","dateModified":"2026-01-31T10:35:11+00:00","breadcrumb":{"@id":"https:\/\/vttlamalmaire.fr\/index.php\/https-vttlamalmaire-fr-index-php-les-brumes-dautomne\/#breadcrumb"},"inLanguage":"en-US","potentialAction":[{"@type":"ReadAction","target":["https:\/\/vttlamalmaire.fr\/index.php\/https-vttlamalmaire-fr-index-php-les-brumes-dautomne\/"]}]},{"@type":"ImageObject","inLanguage":"en-US","@id":"https:\/\/vttlamalmaire.fr\/index.php\/https-vttlamalmaire-fr-index-php-les-brumes-dautomne\/#primaryimage","url":"https:\/\/vttlamalmaire.fr\/wp-content\/uploads\/2026\/01\/Brumes-medail2.jpg","contentUrl":"https:\/\/vttlamalmaire.fr\/wp-content\/uploads\/2026\/01\/Brumes-medail2.jpg","width":640,"height":350},{"@type":"BreadcrumbList","@id":"https:\/\/vttlamalmaire.fr\/index.php\/https-vttlamalmaire-fr-index-php-les-brumes-dautomne\/#breadcrumb","itemListElement":[{"@type":"ListItem","position":1,"name":"Accueil","item":"https:\/\/vttlamalmaire.fr\/"},{"@type":"ListItem","position":2,"name":"11 Octobre"}]},{"@type":"WebSite","@id":"https:\/\/vttlamalmaire.fr\/#website","url":"https:\/\/vttlamalmaire.fr\/","name":"vttlamalmaire","description":"","publisher":{"@id":"https:\/\/vttlamalmaire.fr\/#organization"},"potentialAction":[{"@type":"SearchAction","target":{"@type":"EntryPoint","urlTemplate":"https:\/\/vttlamalmaire.fr\/?s={search_term_string}"},"query-input":{"@type":"PropertyValueSpecification","valueRequired":true,"valueName":"search_term_string"}}],"inLanguage":"en-US"},{"@type":"Organization","@id":"https:\/\/vttlamalmaire.fr\/#organization","name":"La Malmaire VTT","url":"https:\/\/vttlamalmaire.fr\/","logo":{"@type":"ImageObject","inLanguage":"en-US","@id":"https:\/\/vttlamalmaire.fr\/#\/schema\/logo\/image\/","url":"https:\/\/vttlamalmaire.fr\/wp-content\/uploads\/2025\/02\/logo-malmaire-texte-bd.jpg","contentUrl":"https:\/\/vttlamalmaire.fr\/wp-content\/uploads\/2025\/02\/logo-malmaire-texte-bd.jpg","width":160,"height":22,"caption":"La Malmaire VTT"},"image":{"@id":"https:\/\/vttlamalmaire.fr\/#\/schema\/logo\/image\/"},"sameAs":["https:\/\/www.facebook.com\/p\/VTT-La-Malmaire-61550856553025\/"]}]}},"_links":{"self":[{"href":"https:\/\/vttlamalmaire.fr\/index.php\/wp-json\/wp\/v2\/pages\/22","targetHints":{"allow":["GET"]}}],"collection":[{"href":"https:\/\/vttlamalmaire.fr\/index.php\/wp-json\/wp\/v2\/pages"}],"about":[{"href":"https:\/\/vttlamalmaire.fr\/index.php\/wp-json\/wp\/v2\/types\/page"}],"author":[{"embeddable":true,"href":"https:\/\/vttlamalmaire.fr\/index.php\/wp-json\/wp\/v2\/users\/2"}],"replies":[{"embeddable":true,"href":"https:\/\/vttlamalmaire.fr\/index.php\/wp-json\/wp\/v2\/comments?post=22"}],"version-history":[{"count":10,"href":"https:\/\/vttlamalmaire.fr\/index.php\/wp-json\/wp\/v2\/pages\/22\/revisions"}],"predecessor-version":[{"id":1723,"href":"https:\/\/vttlamalmaire.fr\/index.php\/wp-json\/wp\/v2\/pages\/22\/revisions\/1723"}],"wp:featuredmedia":[{"embeddable":true,"href":"https:\/\/vttlamalmaire.fr\/index.php\/wp-json\/wp\/v2\/media\/1732"}],"wp:attachment":[{"href":"https:\/\/vttlamalmaire.fr\/index.php\/wp-json\/wp\/v2\/media?parent=22"}],"curies":[{"name":"wp","href":"https:\/\/api.w.org\/{rel}","templated":true}]}}

<p><strong>RANDONNÉE VTT TOUS PUBLICS</strong></p>



<p>La randonnée où chaque participant, du plus expérimenté au débutant y trouvera son compte.</p>



<p>La&nbsp;<strong>RANDO VTT à la carte</strong></p>



<ul class="wp-block-list">
<li>Distances de 25 à 75 km avec&nbsp;<strong>de nombreuses variantes&nbsp;</strong>qui permettent de simplifier ou durcir le parcours</li>



<li><strong>Parcours fléchés et balisés</strong>&nbsp;avec panneau de localisation à chaque traversée de route</li>



<li><strong>Randonnée gratuite</strong>&nbsp;pour les mineurs accompagnés</li>
</ul>



<p>2 ravitaillements sur les parcours ainsi qu’une boisson et un sandwich à l’arrivée compris dans l’inscription.&nbsp;Le départ s’effectue à partir de 8h00 à la Salle Vermeulen, rue Marcel Carlier, 60610 Lacroix-Saint-Ouen</p>



<p>Tarif 6 € (25-35 km), 9 € (45-55-65-75 km), gratuit pour les mineurs et inscription obligatoire sur <strong><a href="https://adeorun.com/" target="_blank" rel="noreferrer noopener">Adeorun</a></strong></p>



<p></p>

<p>RANDONNÉE VTT TOUS PUBLICS La randonnée où chaque participant, du plus expérimenté au débutant y trouvera son compte. La&nbsp;RANDO VTT à la carte 2 ravitaillements sur les parcours ainsi qu’une &#8230;</p>

<!-- This site is optimized with the Yoast SEO plugin v24.4 - https://yoast.com/wordpress/plugins/seo/ -->
<title>11 Octobre - La Malmaire VTT</title>
<meta name="robots" content="index, follow, max-snippet:-1, max-image-preview:large, max-video-preview:-1" />
<link rel="canonical" href="https://vttlamalmaire.fr/index.php/https-vttlamalmaire-fr-index-php-les-brumes-dautomne/" />
<meta property="og:locale" content="en_US" />
<meta property="og:type" content="article" />
<meta property="og:title" content="11 Octobre - La Malmaire VTT" />
<meta property="og:description" content="RANDONNÉE VTT TOUS PUBLICS La randonnée où chaque participant, du plus expérimenté au débutant y trouvera son compte. La&nbsp;RANDO VTT à la carte 2 ravitaillements sur les parcours ainsi qu’une ..." />
<meta property="og:url" content="https://vttlamalmaire.fr/index.php/https-vttlamalmaire-fr-index-php-les-brumes-dautomne/" />
<meta property="og:site_name" content="La Malmaire VTT" />
<meta property="article:publisher" content="https://www.facebook.com/p/VTT-La-Malmaire-61550856553025/" />
<meta property="article:modified_time" content="2026-01-31T10:35:11+00:00" />
<meta property="og:image" content="http://vttlamalmaire.fr/wp-content/uploads/2026/01/Brumes-medail2.jpg" />
	<meta property="og:image:width" content="640" />
	<meta property="og:image:height" content="350" />
	<meta property="og:image:type" content="image/jpeg" />
<meta name="twitter:card" content="summary_large_image" />
<meta name="twitter:label1" content="Est. reading time" />
	<meta name="twitter:data1" content="1 minute" />
<script type="application/ld+json" class="yoast-schema-graph">{"@context":"https://schema.org","@graph":[{"@type":"WebPage","@id":"https://vttlamalmaire.fr/index.php/https-vttlamalmaire-fr-index-php-les-brumes-dautomne/","url":"https://vttlamalmaire.fr/index.php/https-vttlamalmaire-fr-index-php-les-brumes-dautomne/","name":"11 Octobre - La Malmaire VTT","isPartOf":{"@id":"https://vttlamalmaire.fr/#website"},"primaryImageOfPage":{"@id":"https://vttlamalmaire.fr/index.php/https-vttlamalmaire-fr-index-php-les-brumes-dautomne/#primaryimage"},"image":{"@id":"https://vttlamalmaire.fr/index.php/https-vttlamalmaire-fr-index-php-les-brumes-dautomne/#primaryimage"},"thumbnailUrl":"https://vttlamalmaire.fr/wp-content/uploads/2026/01/Brumes-medail2.jpg","datePublished":"2016-02-12T08:11:05+00:00","dateModified":"2026-01-31T10:35:11+00:00","breadcrumb":{"@id":"https://vttlamalmaire.fr/index.php/https-vttlamalmaire-fr-index-php-les-brumes-dautomne/#breadcrumb"},"inLanguage":"en-US","potentialAction":[{"@type":"ReadAction","target":["https://vttlamalmaire.fr/index.php/https-vttlamalmaire-fr-index-php-les-brumes-dautomne/"]}]},{"@type":"ImageObject","inLanguage":"en-US","@id":"https://vttlamalmaire.fr/index.php/https-vttlamalmaire-fr-index-php-les-brumes-dautomne/#primaryimage","url":"https://vttlamalmaire.fr/wp-content/uploads/2026/01/Brumes-medail2.jpg","contentUrl":"https://vttlamalmaire.fr/wp-content/uploads/2026/01/Brumes-medail2.jpg","width":640,"height":350},{"@type":"BreadcrumbList","@id":"https://vttlamalmaire.fr/index.php/https-vttlamalmaire-fr-index-php-les-brumes-dautomne/#breadcrumb","itemListElement":[{"@type":"ListItem","position":1,"name":"Accueil","item":"https://vttlamalmaire.fr/"},{"@type":"ListItem","position":2,"name":"11 Octobre"}]},{"@type":"WebSite","@id":"https://vttlamalmaire.fr/#website","url":"https://vttlamalmaire.fr/","name":"vttlamalmaire","description":"","publisher":{"@id":"https://vttlamalmaire.fr/#organization"},"potentialAction":[{"@type":"SearchAction","target":{"@type":"EntryPoint","urlTemplate":"https://vttlamalmaire.fr/?s={search_term_string}"},"query-input":{"@type":"PropertyValueSpecification","valueRequired":true,"valueName":"search_term_string"}}],"inLanguage":"en-US"},{"@type":"Organization","@id":"https://vttlamalmaire.fr/#organization","name":"La Malmaire VTT","url":"https://vttlamalmaire.fr/","logo":{"@type":"ImageObject","inLanguage":"en-US","@id":"https://vttlamalmaire.fr/#/schema/logo/image/","url":"https://vttlamalmaire.fr/wp-content/uploads/2025/02/logo-malmaire-texte-bd.jpg","contentUrl":"https://vttlamalmaire.fr/wp-content/uploads/2025/02/logo-malmaire-texte-bd.jpg","width":160,"height":22,"caption":"La Malmaire VTT"},"image":{"@id":"https://vttlamalmaire.fr/#/schema/logo/image/"},"sameAs":["https://www.facebook.com/p/VTT-La-Malmaire-61550856553025/"]}]}</script>
<!-- / Yoast SEO plugin. -->

RANDONNÉE VTT TOUS PUBLICS La randonnée où chaque participant, du plus expérimenté au débutant y trouvera son compte. La&nbsp;RANDO VTT à la carte 2 ravitaillements sur les parcours ainsi qu’une ...
