{"id":17,"date":"2016-02-12T08:09:36","date_gmt":"2016-02-12T08:09:36","guid":{"rendered":"http:\/\/demos.famethemes.com\/onepress\/?page_id=17"},"modified":"2025-04-15T09:30:33","modified_gmt":"2025-04-15T07:30:33","slug":"our-history","status":"publish","type":"page","link":"https:\/\/vttlamalmaire.fr\/index.php\/our-history\/","title":{"rendered":"27 avril"},"content":{"rendered":"\n<p class=\"has-vivid-red-color has-text-color has-link-color has-large-font-size wp-elements-9dfe70cf5475aebd85a97b6727aa348b\"><strong>(Rando annul\u00e9e)<\/strong><\/p>\n\n\n\n<p><strong>NOUVEAU FORMAT POUR VTT ET GRAVEL<\/strong><\/p>\n\n\n\n<p>La randonn\u00e9e pour les initi\u00e9s, longues distances avec <strong>traces gpx uniquement<\/strong>.<\/p>\n\n\n\n<ul class=\"wp-block-list\">\n<li>VTT 50 \/ 70 km, Gravel 75 \/ 90 km<\/li>\n\n\n\n<li><strong>Pas de fl\u00e9chage<\/strong> : les parcours sont uniquement d\u00e9finis par leurs traces GPS<\/li>\n\n\n\n<li><strong>Traces sp\u00e9cifiques  Gravel \/ VTT<\/strong> avec moins de 50 % de traces communes<\/li>\n\n\n\n<li>Age minimum 16 ans accompagn\u00e9 d&#8217;un adulte sur le m\u00eame parcours<\/li>\n<\/ul>\n\n\n\n<p>Plaque de cadre, 2 ravitaillements sur les parcours ainsi qu&#8217;une boisson et un sandwich \u00e0 l&#8217;arriv\u00e9e compris dans l\u2019inscription.<\/p>\n\n\n\n<p>Le d\u00e9part s&#8217;effectue \u00e0 partir de 8h00 \u00e0 la Salle Vermeulen, rue Marcel Carlier, 60610 Lacroix-Saint-Ouen<\/p>\n\n\n\n<p>Tarif unique de 10 \u20ac et inscription obligatoire sur <strong>ADEORUN<\/strong><\/p>\n\n\n\n<p><\/p>\n","protected":false},"excerpt":{"rendered":"<p>(Rando annul\u00e9e) NOUVEAU FORMAT POUR VTT ET GRAVEL La randonn\u00e9e pour les initi\u00e9s, longues distances avec traces gpx uniquement. Plaque de cadre, 2 ravitaillements sur les parcours ainsi qu&#8217;une boisson &#8230;<\/p>\n","protected":false},"author":2,"featured_media":1451,"parent":0,"menu_order":0,"comment_status":"closed","ping_status":"closed","template":"template-fullwidth.php","meta":{"pgc_sgb_lightbox_settings":"","footnotes":""},"class_list":["post-17","page","type-page","status-publish","has-post-thumbnail","hentry"],"yoast_head":"<!-- This site is optimized with the Yoast SEO plugin v24.4 - https:\/\/yoast.com\/wordpress\/plugins\/seo\/ -->\n<title>27 avril - La Malmaire VTT<\/title>\n<meta name=\"robots\" content=\"index, follow, max-snippet:-1, max-image-preview:large, max-video-preview:-1\" \/>\n<link rel=\"canonical\" href=\"https:\/\/vttlamalmaire.fr\/index.php\/our-history\/\" \/>\n<meta property=\"og:locale\" content=\"en_US\" \/>\n<meta property=\"og:type\" content=\"article\" \/>\n<meta property=\"og:title\" content=\"27 avril - La Malmaire VTT\" \/>\n<meta property=\"og:description\" content=\"(Rando annul\u00e9e) NOUVEAU FORMAT POUR VTT ET GRAVEL La randonn\u00e9e pour les initi\u00e9s, longues distances avec traces gpx uniquement. Plaque de cadre, 2 ravitaillements sur les parcours ainsi qu&#8217;une boisson ...\" \/>\n<meta property=\"og:url\" content=\"https:\/\/vttlamalmaire.fr\/index.php\/our-history\/\" \/>\n<meta property=\"og:site_name\" content=\"La Malmaire VTT\" \/>\n<meta property=\"article:publisher\" content=\"https:\/\/www.facebook.com\/p\/VTT-La-Malmaire-61550856553025\/\" \/>\n<meta property=\"article:modified_time\" content=\"2025-04-15T07:30:33+00:00\" \/>\n<meta property=\"og:image\" content=\"http:\/\/vttlamalmaire.fr\/wp-content\/uploads\/2025\/02\/Retour-medail1.jpg\" \/>\n\t<meta property=\"og:image:width\" content=\"640\" \/>\n\t<meta property=\"og:image:height\" content=\"350\" \/>\n\t<meta property=\"og:image:type\" content=\"image\/jpeg\" \/>\n<meta name=\"twitter:card\" content=\"summary_large_image\" \/>\n<meta name=\"twitter:label1\" content=\"Est. reading time\" \/>\n\t<meta name=\"twitter:data1\" content=\"1 minute\" \/>\n<script type=\"application\/ld+json\" class=\"yoast-schema-graph\">{\"@context\":\"https:\/\/schema.org\",\"@graph\":[{\"@type\":\"WebPage\",\"@id\":\"https:\/\/vttlamalmaire.fr\/index.php\/our-history\/\",\"url\":\"https:\/\/vttlamalmaire.fr\/index.php\/our-history\/\",\"name\":\"27 avril - La Malmaire VTT\",\"isPartOf\":{\"@id\":\"https:\/\/vttlamalmaire.fr\/#website\"},\"primaryImageOfPage\":{\"@id\":\"https:\/\/vttlamalmaire.fr\/index.php\/our-history\/#primaryimage\"},\"image\":{\"@id\":\"https:\/\/vttlamalmaire.fr\/index.php\/our-history\/#primaryimage\"},\"thumbnailUrl\":\"https:\/\/vttlamalmaire.fr\/wp-content\/uploads\/2025\/02\/Retour-medail1.jpg\",\"datePublished\":\"2016-02-12T08:09:36+00:00\",\"dateModified\":\"2025-04-15T07:30:33+00:00\",\"breadcrumb\":{\"@id\":\"https:\/\/vttlamalmaire.fr\/index.php\/our-history\/#breadcrumb\"},\"inLanguage\":\"en-US\",\"potentialAction\":[{\"@type\":\"ReadAction\",\"target\":[\"https:\/\/vttlamalmaire.fr\/index.php\/our-history\/\"]}]},{\"@type\":\"ImageObject\",\"inLanguage\":\"en-US\",\"@id\":\"https:\/\/vttlamalmaire.fr\/index.php\/our-history\/#primaryimage\",\"url\":\"https:\/\/vttlamalmaire.fr\/wp-content\/uploads\/2025\/02\/Retour-medail1.jpg\",\"contentUrl\":\"https:\/\/vttlamalmaire.fr\/wp-content\/uploads\/2025\/02\/Retour-medail1.jpg\",\"width\":640,\"height\":350},{\"@type\":\"BreadcrumbList\",\"@id\":\"https:\/\/vttlamalmaire.fr\/index.php\/our-history\/#breadcrumb\",\"itemListElement\":[{\"@type\":\"ListItem\",\"position\":1,\"name\":\"Accueil\",\"item\":\"https:\/\/vttlamalmaire.fr\/\"},{\"@type\":\"ListItem\",\"position\":2,\"name\":\"27 avril\"}]},{\"@type\":\"WebSite\",\"@id\":\"https:\/\/vttlamalmaire.fr\/#website\",\"url\":\"https:\/\/vttlamalmaire.fr\/\",\"name\":\"vttlamalmaire\",\"description\":\"\",\"publisher\":{\"@id\":\"https:\/\/vttlamalmaire.fr\/#organization\"},\"potentialAction\":[{\"@type\":\"SearchAction\",\"target\":{\"@type\":\"EntryPoint\",\"urlTemplate\":\"https:\/\/vttlamalmaire.fr\/?s={search_term_string}\"},\"query-input\":{\"@type\":\"PropertyValueSpecification\",\"valueRequired\":true,\"valueName\":\"search_term_string\"}}],\"inLanguage\":\"en-US\"},{\"@type\":\"Organization\",\"@id\":\"https:\/\/vttlamalmaire.fr\/#organization\",\"name\":\"La Malmaire VTT\",\"url\":\"https:\/\/vttlamalmaire.fr\/\",\"logo\":{\"@type\":\"ImageObject\",\"inLanguage\":\"en-US\",\"@id\":\"https:\/\/vttlamalmaire.fr\/#\/schema\/logo\/image\/\",\"url\":\"https:\/\/vttlamalmaire.fr\/wp-content\/uploads\/2025\/02\/logo-malmaire-texte-bd.jpg\",\"contentUrl\":\"https:\/\/vttlamalmaire.fr\/wp-content\/uploads\/2025\/02\/logo-malmaire-texte-bd.jpg\",\"width\":160,\"height\":22,\"caption\":\"La Malmaire VTT\"},\"image\":{\"@id\":\"https:\/\/vttlamalmaire.fr\/#\/schema\/logo\/image\/\"},\"sameAs\":[\"https:\/\/www.facebook.com\/p\/VTT-La-Malmaire-61550856553025\/\"]}]}<\/script>\n<!-- \/ Yoast SEO plugin. -->","yoast_head_json":{"title":"27 avril - La Malmaire VTT","robots":{"index":"index","follow":"follow","max-snippet":"max-snippet:-1","max-image-preview":"max-image-preview:large","max-video-preview":"max-video-preview:-1"},"canonical":"https:\/\/vttlamalmaire.fr\/index.php\/our-history\/","og_locale":"en_US","og_type":"article","og_title":"27 avril - La Malmaire VTT","og_description":"(Rando annul\u00e9e) NOUVEAU FORMAT POUR VTT ET GRAVEL La randonn\u00e9e pour les initi\u00e9s, longues distances avec traces gpx uniquement. Plaque de cadre, 2 ravitaillements sur les parcours ainsi qu&#8217;une boisson ...","og_url":"https:\/\/vttlamalmaire.fr\/index.php\/our-history\/","og_site_name":"La Malmaire VTT","article_publisher":"https:\/\/www.facebook.com\/p\/VTT-La-Malmaire-61550856553025\/","article_modified_time":"2025-04-15T07:30:33+00:00","og_image":[{"width":640,"height":350,"url":"http:\/\/vttlamalmaire.fr\/wp-content\/uploads\/2025\/02\/Retour-medail1.jpg","type":"image\/jpeg"}],"twitter_card":"summary_large_image","twitter_misc":{"Est. reading time":"1 minute"},"schema":{"@context":"https:\/\/schema.org","@graph":[{"@type":"WebPage","@id":"https:\/\/vttlamalmaire.fr\/index.php\/our-history\/","url":"https:\/\/vttlamalmaire.fr\/index.php\/our-history\/","name":"27 avril - La Malmaire VTT","isPartOf":{"@id":"https:\/\/vttlamalmaire.fr\/#website"},"primaryImageOfPage":{"@id":"https:\/\/vttlamalmaire.fr\/index.php\/our-history\/#primaryimage"},"image":{"@id":"https:\/\/vttlamalmaire.fr\/index.php\/our-history\/#primaryimage"},"thumbnailUrl":"https:\/\/vttlamalmaire.fr\/wp-content\/uploads\/2025\/02\/Retour-medail1.jpg","datePublished":"2016-02-12T08:09:36+00:00","dateModified":"2025-04-15T07:30:33+00:00","breadcrumb":{"@id":"https:\/\/vttlamalmaire.fr\/index.php\/our-history\/#breadcrumb"},"inLanguage":"en-US","potentialAction":[{"@type":"ReadAction","target":["https:\/\/vttlamalmaire.fr\/index.php\/our-history\/"]}]},{"@type":"ImageObject","inLanguage":"en-US","@id":"https:\/\/vttlamalmaire.fr\/index.php\/our-history\/#primaryimage","url":"https:\/\/vttlamalmaire.fr\/wp-content\/uploads\/2025\/02\/Retour-medail1.jpg","contentUrl":"https:\/\/vttlamalmaire.fr\/wp-content\/uploads\/2025\/02\/Retour-medail1.jpg","width":640,"height":350},{"@type":"BreadcrumbList","@id":"https:\/\/vttlamalmaire.fr\/index.php\/our-history\/#breadcrumb","itemListElement":[{"@type":"ListItem","position":1,"name":"Accueil","item":"https:\/\/vttlamalmaire.fr\/"},{"@type":"ListItem","position":2,"name":"27 avril"}]},{"@type":"WebSite","@id":"https:\/\/vttlamalmaire.fr\/#website","url":"https:\/\/vttlamalmaire.fr\/","name":"vttlamalmaire","description":"","publisher":{"@id":"https:\/\/vttlamalmaire.fr\/#organization"},"potentialAction":[{"@type":"SearchAction","target":{"@type":"EntryPoint","urlTemplate":"https:\/\/vttlamalmaire.fr\/?s={search_term_string}"},"query-input":{"@type":"PropertyValueSpecification","valueRequired":true,"valueName":"search_term_string"}}],"inLanguage":"en-US"},{"@type":"Organization","@id":"https:\/\/vttlamalmaire.fr\/#organization","name":"La Malmaire VTT","url":"https:\/\/vttlamalmaire.fr\/","logo":{"@type":"ImageObject","inLanguage":"en-US","@id":"https:\/\/vttlamalmaire.fr\/#\/schema\/logo\/image\/","url":"https:\/\/vttlamalmaire.fr\/wp-content\/uploads\/2025\/02\/logo-malmaire-texte-bd.jpg","contentUrl":"https:\/\/vttlamalmaire.fr\/wp-content\/uploads\/2025\/02\/logo-malmaire-texte-bd.jpg","width":160,"height":22,"caption":"La Malmaire VTT"},"image":{"@id":"https:\/\/vttlamalmaire.fr\/#\/schema\/logo\/image\/"},"sameAs":["https:\/\/www.facebook.com\/p\/VTT-La-Malmaire-61550856553025\/"]}]}},"_links":{"self":[{"href":"https:\/\/vttlamalmaire.fr\/index.php\/wp-json\/wp\/v2\/pages\/17","targetHints":{"allow":["GET"]}}],"collection":[{"href":"https:\/\/vttlamalmaire.fr\/index.php\/wp-json\/wp\/v2\/pages"}],"about":[{"href":"https:\/\/vttlamalmaire.fr\/index.php\/wp-json\/wp\/v2\/types\/page"}],"author":[{"embeddable":true,"href":"https:\/\/vttlamalmaire.fr\/index.php\/wp-json\/wp\/v2\/users\/2"}],"replies":[{"embeddable":true,"href":"https:\/\/vttlamalmaire.fr\/index.php\/wp-json\/wp\/v2\/comments?post=17"}],"version-history":[{"count":11,"href":"https:\/\/vttlamalmaire.fr\/index.php\/wp-json\/wp\/v2\/pages\/17\/revisions"}],"predecessor-version":[{"id":1697,"href":"https:\/\/vttlamalmaire.fr\/index.php\/wp-json\/wp\/v2\/pages\/17\/revisions\/1697"}],"wp:featuredmedia":[{"embeddable":true,"href":"https:\/\/vttlamalmaire.fr\/index.php\/wp-json\/wp\/v2\/media\/1451"}],"wp:attachment":[{"href":"https:\/\/vttlamalmaire.fr\/index.php\/wp-json\/wp\/v2\/media?parent=17"}],"curies":[{"name":"wp","href":"https:\/\/api.w.org\/{rel}","templated":true}]}}

<p class="has-vivid-red-color has-text-color has-link-color has-large-font-size wp-elements-9dfe70cf5475aebd85a97b6727aa348b"><strong>(Rando annulée)</strong></p>



<p><strong>NOUVEAU FORMAT POUR VTT ET GRAVEL</strong></p>



<p>La randonnée pour les initiés, longues distances avec <strong>traces gpx uniquement</strong>.</p>



<ul class="wp-block-list">
<li>VTT 50 / 70 km, Gravel 75 / 90 km</li>



<li><strong>Pas de fléchage</strong> : les parcours sont uniquement définis par leurs traces GPS</li>



<li><strong>Traces spécifiques  Gravel / VTT</strong> avec moins de 50 % de traces communes</li>



<li>Age minimum 16 ans accompagné d&#8217;un adulte sur le même parcours</li>
</ul>



<p>Plaque de cadre, 2 ravitaillements sur les parcours ainsi qu&#8217;une boisson et un sandwich à l&#8217;arrivée compris dans l’inscription.</p>



<p>Le départ s&#8217;effectue à partir de 8h00 à la Salle Vermeulen, rue Marcel Carlier, 60610 Lacroix-Saint-Ouen</p>



<p>Tarif unique de 10 € et inscription obligatoire sur <strong>ADEORUN</strong></p>



<p></p>

<p>(Rando annulée) NOUVEAU FORMAT POUR VTT ET GRAVEL La randonnée pour les initiés, longues distances avec traces gpx uniquement. Plaque de cadre, 2 ravitaillements sur les parcours ainsi qu&#8217;une boisson &#8230;</p>

<!-- This site is optimized with the Yoast SEO plugin v24.4 - https://yoast.com/wordpress/plugins/seo/ -->
<title>27 avril - La Malmaire VTT</title>
<meta name="robots" content="index, follow, max-snippet:-1, max-image-preview:large, max-video-preview:-1" />
<link rel="canonical" href="https://vttlamalmaire.fr/index.php/our-history/" />
<meta property="og:locale" content="en_US" />
<meta property="og:type" content="article" />
<meta property="og:title" content="27 avril - La Malmaire VTT" />
<meta property="og:description" content="(Rando annulée) NOUVEAU FORMAT POUR VTT ET GRAVEL La randonnée pour les initiés, longues distances avec traces gpx uniquement. Plaque de cadre, 2 ravitaillements sur les parcours ainsi qu&#8217;une boisson ..." />
<meta property="og:url" content="https://vttlamalmaire.fr/index.php/our-history/" />
<meta property="og:site_name" content="La Malmaire VTT" />
<meta property="article:publisher" content="https://www.facebook.com/p/VTT-La-Malmaire-61550856553025/" />
<meta property="article:modified_time" content="2025-04-15T07:30:33+00:00" />
<meta property="og:image" content="http://vttlamalmaire.fr/wp-content/uploads/2025/02/Retour-medail1.jpg" />
	<meta property="og:image:width" content="640" />
	<meta property="og:image:height" content="350" />
	<meta property="og:image:type" content="image/jpeg" />
<meta name="twitter:card" content="summary_large_image" />
<meta name="twitter:label1" content="Est. reading time" />
	<meta name="twitter:data1" content="1 minute" />
<script type="application/ld+json" class="yoast-schema-graph">{"@context":"https://schema.org","@graph":[{"@type":"WebPage","@id":"https://vttlamalmaire.fr/index.php/our-history/","url":"https://vttlamalmaire.fr/index.php/our-history/","name":"27 avril - La Malmaire VTT","isPartOf":{"@id":"https://vttlamalmaire.fr/#website"},"primaryImageOfPage":{"@id":"https://vttlamalmaire.fr/index.php/our-history/#primaryimage"},"image":{"@id":"https://vttlamalmaire.fr/index.php/our-history/#primaryimage"},"thumbnailUrl":"https://vttlamalmaire.fr/wp-content/uploads/2025/02/Retour-medail1.jpg","datePublished":"2016-02-12T08:09:36+00:00","dateModified":"2025-04-15T07:30:33+00:00","breadcrumb":{"@id":"https://vttlamalmaire.fr/index.php/our-history/#breadcrumb"},"inLanguage":"en-US","potentialAction":[{"@type":"ReadAction","target":["https://vttlamalmaire.fr/index.php/our-history/"]}]},{"@type":"ImageObject","inLanguage":"en-US","@id":"https://vttlamalmaire.fr/index.php/our-history/#primaryimage","url":"https://vttlamalmaire.fr/wp-content/uploads/2025/02/Retour-medail1.jpg","contentUrl":"https://vttlamalmaire.fr/wp-content/uploads/2025/02/Retour-medail1.jpg","width":640,"height":350},{"@type":"BreadcrumbList","@id":"https://vttlamalmaire.fr/index.php/our-history/#breadcrumb","itemListElement":[{"@type":"ListItem","position":1,"name":"Accueil","item":"https://vttlamalmaire.fr/"},{"@type":"ListItem","position":2,"name":"27 avril"}]},{"@type":"WebSite","@id":"https://vttlamalmaire.fr/#website","url":"https://vttlamalmaire.fr/","name":"vttlamalmaire","description":"","publisher":{"@id":"https://vttlamalmaire.fr/#organization"},"potentialAction":[{"@type":"SearchAction","target":{"@type":"EntryPoint","urlTemplate":"https://vttlamalmaire.fr/?s={search_term_string}"},"query-input":{"@type":"PropertyValueSpecification","valueRequired":true,"valueName":"search_term_string"}}],"inLanguage":"en-US"},{"@type":"Organization","@id":"https://vttlamalmaire.fr/#organization","name":"La Malmaire VTT","url":"https://vttlamalmaire.fr/","logo":{"@type":"ImageObject","inLanguage":"en-US","@id":"https://vttlamalmaire.fr/#/schema/logo/image/","url":"https://vttlamalmaire.fr/wp-content/uploads/2025/02/logo-malmaire-texte-bd.jpg","contentUrl":"https://vttlamalmaire.fr/wp-content/uploads/2025/02/logo-malmaire-texte-bd.jpg","width":160,"height":22,"caption":"La Malmaire VTT"},"image":{"@id":"https://vttlamalmaire.fr/#/schema/logo/image/"},"sameAs":["https://www.facebook.com/p/VTT-La-Malmaire-61550856553025/"]}]}</script>
<!-- / Yoast SEO plugin. -->

(Rando annulée) NOUVEAU FORMAT POUR VTT ET GRAVEL La randonnée pour les initiés, longues distances avec traces gpx uniquement. Plaque de cadre, 2 ravitaillements sur les parcours ainsi qu&#8217;une boisson ...
