{"id":1500,"date":"2025-02-15T18:27:40","date_gmt":"2025-02-15T17:27:40","guid":{"rendered":"https:\/\/vttlamalmaire.fr\/?page_id=1500"},"modified":"2026-01-31T11:26:13","modified_gmt":"2026-01-31T10:26:13","slug":"les-brumes-dautomne","status":"publish","type":"page","link":"https:\/\/vttlamalmaire.fr\/index.php\/les-brumes-dautomne\/","title":{"rendered":"Les brumes d&#8217;automne"},"content":{"rendered":"\n<p><strong>Randonn\u00e9e VTT tous publics<\/strong><\/p>\n\n\n\n<div class=\"wp-block-media-text is-stacked-on-mobile is-vertically-aligned-center\"><figure class=\"wp-block-media-text__media\"><a href=\"http:\/\/vttlamalmaire.fr\/wp-content\/uploads\/2026\/01\/AFF-BRUMES-2026-BD.pdf\" target=\"_blank\" rel=\" noreferrer noopener\"><img loading=\"lazy\" decoding=\"async\" width=\"766\" height=\"1024\" src=\"http:\/\/vttlamalmaire.fr\/wp-content\/uploads\/2026\/01\/AFF-BRUMES-2026-BD-766x1024.jpg\" alt=\"\" class=\"wp-image-1725 size-full\" srcset=\"https:\/\/vttlamalmaire.fr\/wp-content\/uploads\/2026\/01\/AFF-BRUMES-2026-BD-766x1024.jpg 766w, https:\/\/vttlamalmaire.fr\/wp-content\/uploads\/2026\/01\/AFF-BRUMES-2026-BD-224x300.jpg 224w, https:\/\/vttlamalmaire.fr\/wp-content\/uploads\/2026\/01\/AFF-BRUMES-2026-BD-768x1027.jpg 768w, https:\/\/vttlamalmaire.fr\/wp-content\/uploads\/2026\/01\/AFF-BRUMES-2026-BD.jpg 1049w\" sizes=\"auto, (max-width: 766px) 100vw, 766px\" \/><\/a><\/figure><div class=\"wp-block-media-text__content\">\n<p class=\"has-white-color has-black-background-color has-text-color has-background has-link-color wp-elements-87fd34ed41aea6cf51745b72d07efd67\">La randonn\u00e9e <strong>&#8220;Les brumes d&#8217;automne&#8221; <\/strong>est la randonn\u00e9e organis\u00e9e par le club depuis plus de 15 ans. Elle se d\u00e9roule au mois d&#8217;octobre sur l&#8217;ensemble du domaine ONF de la for\u00eat de Compi\u00e8gne en raison de la p\u00e9riode de chasse en plaine. C&#8217;est un vaste terrain de jeux qui offre une tr\u00e8s grande vari\u00e9t\u00e9 de parcours, des plus techniques aux plus roulants. Nous avons souhait\u00e9 proposer la <strong>RANDO VTT \u00e0 la carte<\/strong>, afin que chacun puisse prendre le maximum de plaisir en roulant avec ses amis, m\u00eame les plus performants. Vous trouverez des variantes, difficiles pour les plus aguerris et des simplifications pour raccourcir la distance. Dans tous les cas, vous vous retrouverez sur le parcours. Vous roulerez sur des circuits fl\u00e9ch\u00e9s et balis\u00e9s, avec de nombreux points de localisations situ\u00e9s aux croisements de route. Les traces sont actuellement en cours de conception. Vous serez inform\u00e9 prochainement<\/p>\n\n\n\n<p><\/p>\n\n\n\n<p><\/p>\n\n\n\n<p><\/p>\n<\/div><\/div>\n\n\n\n<figure class=\"wp-block-table aligncenter has-small-font-size\"><table><tbody><tr><td><strong>6 PARCOURS<\/strong><\/td><td><strong>D\u00c9NIVEL\u00c9<\/strong> <br>moyens habituels (m)<\/td><\/tr><tr><td>VTT 25 km<\/td><td>130 m<\/td><\/tr><tr><td>VTT 35 km<\/td><td>300 \u00e0 550 m<\/td><\/tr><tr><td>VTT 45 km<\/td><td>550 \u00e0 700 m<\/td><\/tr><tr><td>VTT 55 km<\/td><td>700 \u00e0  850 m<\/td><\/tr><tr><td>VTT 65 km<\/td><td>850 \u00e0 1050 m<\/td><\/tr><tr><td>VTT 75 km<\/td><td>1050 \u00e0 1500 m<\/td><\/tr><\/tbody><\/table><figcaption class=\"wp-element-caption\"><br>Les bons d\u00e9nivel\u00e9s seront communiqu\u00e9s quand les trac\u00e9s 2026 seront valid\u00e9s.<\/figcaption><\/figure>\n\n\n\n<p><\/p>\n","protected":false},"excerpt":{"rendered":"<p>Randonn\u00e9e VTT tous publics La randonn\u00e9e &#8220;Les brumes d&#8217;automne&#8221; est la randonn\u00e9e organis\u00e9e par le club depuis plus de 15 ans. Elle se d\u00e9roule au mois d&#8217;octobre sur l&#8217;ensemble du &#8230;<\/p>\n","protected":false},"author":1,"featured_media":0,"parent":0,"menu_order":0,"comment_status":"closed","ping_status":"closed","template":"template-fullwidth.php","meta":{"pgc_sgb_lightbox_settings":"","footnotes":""},"class_list":["post-1500","page","type-page","status-publish","hentry"],"yoast_head":"<!-- This site is optimized with the Yoast SEO plugin v24.4 - https:\/\/yoast.com\/wordpress\/plugins\/seo\/ -->\n<title>Les brumes d&#039;automne - La Malmaire VTT<\/title>\n<meta name=\"robots\" content=\"index, follow, max-snippet:-1, max-image-preview:large, max-video-preview:-1\" \/>\n<link rel=\"canonical\" href=\"https:\/\/vttlamalmaire.fr\/index.php\/les-brumes-dautomne\/\" \/>\n<meta property=\"og:locale\" content=\"en_US\" \/>\n<meta property=\"og:type\" content=\"article\" \/>\n<meta property=\"og:title\" content=\"Les brumes d&#039;automne - La Malmaire VTT\" \/>\n<meta property=\"og:description\" content=\"Randonn\u00e9e VTT tous publics La randonn\u00e9e &#8220;Les brumes d&#8217;automne&#8221; est la randonn\u00e9e organis\u00e9e par le club depuis plus de 15 ans. Elle se d\u00e9roule au mois d&#8217;octobre sur l&#8217;ensemble du ...\" \/>\n<meta property=\"og:url\" content=\"https:\/\/vttlamalmaire.fr\/index.php\/les-brumes-dautomne\/\" \/>\n<meta property=\"og:site_name\" content=\"La Malmaire VTT\" \/>\n<meta property=\"article:publisher\" content=\"https:\/\/www.facebook.com\/p\/VTT-La-Malmaire-61550856553025\/\" \/>\n<meta property=\"article:modified_time\" content=\"2026-01-31T10:26:13+00:00\" \/>\n<meta property=\"og:image\" content=\"https:\/\/vttlamalmaire.fr\/wp-content\/uploads\/2026\/01\/AFF-BRUMES-2026-BD.jpg\" \/>\n\t<meta property=\"og:image:width\" content=\"1049\" \/>\n\t<meta property=\"og:image:height\" content=\"1403\" \/>\n\t<meta property=\"og:image:type\" content=\"image\/jpeg\" \/>\n<meta name=\"twitter:card\" content=\"summary_large_image\" \/>\n<meta name=\"twitter:label1\" content=\"Est. reading time\" \/>\n\t<meta name=\"twitter:data1\" content=\"2 minutes\" \/>\n<script type=\"application\/ld+json\" class=\"yoast-schema-graph\">{\"@context\":\"https:\/\/schema.org\",\"@graph\":[{\"@type\":\"WebPage\",\"@id\":\"https:\/\/vttlamalmaire.fr\/index.php\/les-brumes-dautomne\/\",\"url\":\"https:\/\/vttlamalmaire.fr\/index.php\/les-brumes-dautomne\/\",\"name\":\"Les brumes d'automne - La Malmaire VTT\",\"isPartOf\":{\"@id\":\"https:\/\/vttlamalmaire.fr\/#website\"},\"primaryImageOfPage\":{\"@id\":\"https:\/\/vttlamalmaire.fr\/index.php\/les-brumes-dautomne\/#primaryimage\"},\"image\":{\"@id\":\"https:\/\/vttlamalmaire.fr\/index.php\/les-brumes-dautomne\/#primaryimage\"},\"thumbnailUrl\":\"http:\/\/vttlamalmaire.fr\/wp-content\/uploads\/2026\/01\/AFF-BRUMES-2026-BD-766x1024.jpg\",\"datePublished\":\"2025-02-15T17:27:40+00:00\",\"dateModified\":\"2026-01-31T10:26:13+00:00\",\"breadcrumb\":{\"@id\":\"https:\/\/vttlamalmaire.fr\/index.php\/les-brumes-dautomne\/#breadcrumb\"},\"inLanguage\":\"en-US\",\"potentialAction\":[{\"@type\":\"ReadAction\",\"target\":[\"https:\/\/vttlamalmaire.fr\/index.php\/les-brumes-dautomne\/\"]}]},{\"@type\":\"ImageObject\",\"inLanguage\":\"en-US\",\"@id\":\"https:\/\/vttlamalmaire.fr\/index.php\/les-brumes-dautomne\/#primaryimage\",\"url\":\"https:\/\/vttlamalmaire.fr\/wp-content\/uploads\/2026\/01\/AFF-BRUMES-2026-BD.jpg\",\"contentUrl\":\"https:\/\/vttlamalmaire.fr\/wp-content\/uploads\/2026\/01\/AFF-BRUMES-2026-BD.jpg\",\"width\":1049,\"height\":1403},{\"@type\":\"BreadcrumbList\",\"@id\":\"https:\/\/vttlamalmaire.fr\/index.php\/les-brumes-dautomne\/#breadcrumb\",\"itemListElement\":[{\"@type\":\"ListItem\",\"position\":1,\"name\":\"Accueil\",\"item\":\"https:\/\/vttlamalmaire.fr\/\"},{\"@type\":\"ListItem\",\"position\":2,\"name\":\"Les brumes d&rsquo;automne\"}]},{\"@type\":\"WebSite\",\"@id\":\"https:\/\/vttlamalmaire.fr\/#website\",\"url\":\"https:\/\/vttlamalmaire.fr\/\",\"name\":\"vttlamalmaire\",\"description\":\"\",\"publisher\":{\"@id\":\"https:\/\/vttlamalmaire.fr\/#organization\"},\"potentialAction\":[{\"@type\":\"SearchAction\",\"target\":{\"@type\":\"EntryPoint\",\"urlTemplate\":\"https:\/\/vttlamalmaire.fr\/?s={search_term_string}\"},\"query-input\":{\"@type\":\"PropertyValueSpecification\",\"valueRequired\":true,\"valueName\":\"search_term_string\"}}],\"inLanguage\":\"en-US\"},{\"@type\":\"Organization\",\"@id\":\"https:\/\/vttlamalmaire.fr\/#organization\",\"name\":\"La Malmaire VTT\",\"url\":\"https:\/\/vttlamalmaire.fr\/\",\"logo\":{\"@type\":\"ImageObject\",\"inLanguage\":\"en-US\",\"@id\":\"https:\/\/vttlamalmaire.fr\/#\/schema\/logo\/image\/\",\"url\":\"https:\/\/vttlamalmaire.fr\/wp-content\/uploads\/2025\/02\/logo-malmaire-texte-bd.jpg\",\"contentUrl\":\"https:\/\/vttlamalmaire.fr\/wp-content\/uploads\/2025\/02\/logo-malmaire-texte-bd.jpg\",\"width\":160,\"height\":22,\"caption\":\"La Malmaire VTT\"},\"image\":{\"@id\":\"https:\/\/vttlamalmaire.fr\/#\/schema\/logo\/image\/\"},\"sameAs\":[\"https:\/\/www.facebook.com\/p\/VTT-La-Malmaire-61550856553025\/\"]}]}<\/script>\n<!-- \/ Yoast SEO plugin. -->","yoast_head_json":{"title":"Les brumes d'automne - La Malmaire VTT","robots":{"index":"index","follow":"follow","max-snippet":"max-snippet:-1","max-image-preview":"max-image-preview:large","max-video-preview":"max-video-preview:-1"},"canonical":"https:\/\/vttlamalmaire.fr\/index.php\/les-brumes-dautomne\/","og_locale":"en_US","og_type":"article","og_title":"Les brumes d'automne - La Malmaire VTT","og_description":"Randonn\u00e9e VTT tous publics La randonn\u00e9e &#8220;Les brumes d&#8217;automne&#8221; est la randonn\u00e9e organis\u00e9e par le club depuis plus de 15 ans. Elle se d\u00e9roule au mois d&#8217;octobre sur l&#8217;ensemble du ...","og_url":"https:\/\/vttlamalmaire.fr\/index.php\/les-brumes-dautomne\/","og_site_name":"La Malmaire VTT","article_publisher":"https:\/\/www.facebook.com\/p\/VTT-La-Malmaire-61550856553025\/","article_modified_time":"2026-01-31T10:26:13+00:00","og_image":[{"width":1049,"height":1403,"url":"https:\/\/vttlamalmaire.fr\/wp-content\/uploads\/2026\/01\/AFF-BRUMES-2026-BD.jpg","type":"image\/jpeg"}],"twitter_card":"summary_large_image","twitter_misc":{"Est. reading time":"2 minutes"},"schema":{"@context":"https:\/\/schema.org","@graph":[{"@type":"WebPage","@id":"https:\/\/vttlamalmaire.fr\/index.php\/les-brumes-dautomne\/","url":"https:\/\/vttlamalmaire.fr\/index.php\/les-brumes-dautomne\/","name":"Les brumes d'automne - La Malmaire VTT","isPartOf":{"@id":"https:\/\/vttlamalmaire.fr\/#website"},"primaryImageOfPage":{"@id":"https:\/\/vttlamalmaire.fr\/index.php\/les-brumes-dautomne\/#primaryimage"},"image":{"@id":"https:\/\/vttlamalmaire.fr\/index.php\/les-brumes-dautomne\/#primaryimage"},"thumbnailUrl":"http:\/\/vttlamalmaire.fr\/wp-content\/uploads\/2026\/01\/AFF-BRUMES-2026-BD-766x1024.jpg","datePublished":"2025-02-15T17:27:40+00:00","dateModified":"2026-01-31T10:26:13+00:00","breadcrumb":{"@id":"https:\/\/vttlamalmaire.fr\/index.php\/les-brumes-dautomne\/#breadcrumb"},"inLanguage":"en-US","potentialAction":[{"@type":"ReadAction","target":["https:\/\/vttlamalmaire.fr\/index.php\/les-brumes-dautomne\/"]}]},{"@type":"ImageObject","inLanguage":"en-US","@id":"https:\/\/vttlamalmaire.fr\/index.php\/les-brumes-dautomne\/#primaryimage","url":"https:\/\/vttlamalmaire.fr\/wp-content\/uploads\/2026\/01\/AFF-BRUMES-2026-BD.jpg","contentUrl":"https:\/\/vttlamalmaire.fr\/wp-content\/uploads\/2026\/01\/AFF-BRUMES-2026-BD.jpg","width":1049,"height":1403},{"@type":"BreadcrumbList","@id":"https:\/\/vttlamalmaire.fr\/index.php\/les-brumes-dautomne\/#breadcrumb","itemListElement":[{"@type":"ListItem","position":1,"name":"Accueil","item":"https:\/\/vttlamalmaire.fr\/"},{"@type":"ListItem","position":2,"name":"Les brumes d&rsquo;automne"}]},{"@type":"WebSite","@id":"https:\/\/vttlamalmaire.fr\/#website","url":"https:\/\/vttlamalmaire.fr\/","name":"vttlamalmaire","description":"","publisher":{"@id":"https:\/\/vttlamalmaire.fr\/#organization"},"potentialAction":[{"@type":"SearchAction","target":{"@type":"EntryPoint","urlTemplate":"https:\/\/vttlamalmaire.fr\/?s={search_term_string}"},"query-input":{"@type":"PropertyValueSpecification","valueRequired":true,"valueName":"search_term_string"}}],"inLanguage":"en-US"},{"@type":"Organization","@id":"https:\/\/vttlamalmaire.fr\/#organization","name":"La Malmaire VTT","url":"https:\/\/vttlamalmaire.fr\/","logo":{"@type":"ImageObject","inLanguage":"en-US","@id":"https:\/\/vttlamalmaire.fr\/#\/schema\/logo\/image\/","url":"https:\/\/vttlamalmaire.fr\/wp-content\/uploads\/2025\/02\/logo-malmaire-texte-bd.jpg","contentUrl":"https:\/\/vttlamalmaire.fr\/wp-content\/uploads\/2025\/02\/logo-malmaire-texte-bd.jpg","width":160,"height":22,"caption":"La Malmaire VTT"},"image":{"@id":"https:\/\/vttlamalmaire.fr\/#\/schema\/logo\/image\/"},"sameAs":["https:\/\/www.facebook.com\/p\/VTT-La-Malmaire-61550856553025\/"]}]}},"_links":{"self":[{"href":"https:\/\/vttlamalmaire.fr\/index.php\/wp-json\/wp\/v2\/pages\/1500","targetHints":{"allow":["GET"]}}],"collection":[{"href":"https:\/\/vttlamalmaire.fr\/index.php\/wp-json\/wp\/v2\/pages"}],"about":[{"href":"https:\/\/vttlamalmaire.fr\/index.php\/wp-json\/wp\/v2\/types\/page"}],"author":[{"embeddable":true,"href":"https:\/\/vttlamalmaire.fr\/index.php\/wp-json\/wp\/v2\/users\/1"}],"replies":[{"embeddable":true,"href":"https:\/\/vttlamalmaire.fr\/index.php\/wp-json\/wp\/v2\/comments?post=1500"}],"version-history":[{"count":15,"href":"https:\/\/vttlamalmaire.fr\/index.php\/wp-json\/wp\/v2\/pages\/1500\/revisions"}],"predecessor-version":[{"id":1731,"href":"https:\/\/vttlamalmaire.fr\/index.php\/wp-json\/wp\/v2\/pages\/1500\/revisions\/1731"}],"wp:attachment":[{"href":"https:\/\/vttlamalmaire.fr\/index.php\/wp-json\/wp\/v2\/media?parent=1500"}],"curies":[{"name":"wp","href":"https:\/\/api.w.org\/{rel}","templated":true}]}}

<p><strong>Randonnée VTT tous publics</strong></p>



<div class="wp-block-media-text is-stacked-on-mobile is-vertically-aligned-center"><figure class="wp-block-media-text__media"><a href="http://vttlamalmaire.fr/wp-content/uploads/2026/01/AFF-BRUMES-2026-BD.pdf" target="_blank" rel=" noreferrer noopener"><img loading="lazy" decoding="async" width="766" height="1024" src="http://vttlamalmaire.fr/wp-content/uploads/2026/01/AFF-BRUMES-2026-BD-766x1024.jpg" alt="" class="wp-image-1725 size-full" srcset="https://vttlamalmaire.fr/wp-content/uploads/2026/01/AFF-BRUMES-2026-BD-766x1024.jpg 766w, https://vttlamalmaire.fr/wp-content/uploads/2026/01/AFF-BRUMES-2026-BD-224x300.jpg 224w, https://vttlamalmaire.fr/wp-content/uploads/2026/01/AFF-BRUMES-2026-BD-768x1027.jpg 768w, https://vttlamalmaire.fr/wp-content/uploads/2026/01/AFF-BRUMES-2026-BD.jpg 1049w" sizes="auto, (max-width: 766px) 100vw, 766px" /></a></figure><div class="wp-block-media-text__content">
<p class="has-white-color has-black-background-color has-text-color has-background has-link-color wp-elements-87fd34ed41aea6cf51745b72d07efd67">La randonnée <strong>&#8220;Les brumes d&#8217;automne&#8221; </strong>est la randonnée organisée par le club depuis plus de 15 ans. Elle se déroule au mois d&#8217;octobre sur l&#8217;ensemble du domaine ONF de la forêt de Compiègne en raison de la période de chasse en plaine. C&#8217;est un vaste terrain de jeux qui offre une très grande variété de parcours, des plus techniques aux plus roulants. Nous avons souhaité proposer la <strong>RANDO VTT à la carte</strong>, afin que chacun puisse prendre le maximum de plaisir en roulant avec ses amis, même les plus performants. Vous trouverez des variantes, difficiles pour les plus aguerris et des simplifications pour raccourcir la distance. Dans tous les cas, vous vous retrouverez sur le parcours. Vous roulerez sur des circuits fléchés et balisés, avec de nombreux points de localisations situés aux croisements de route. Les traces sont actuellement en cours de conception. Vous serez informé prochainement</p>



<p></p>



<p></p>



<p></p>
</div></div>



<figure class="wp-block-table aligncenter has-small-font-size"><table><tbody><tr><td><strong>6 PARCOURS</strong></td><td><strong>DÉNIVELÉ</strong> <br>moyens habituels (m)</td></tr><tr><td>VTT 25 km</td><td>130 m</td></tr><tr><td>VTT 35 km</td><td>300 à 550 m</td></tr><tr><td>VTT 45 km</td><td>550 à 700 m</td></tr><tr><td>VTT 55 km</td><td>700 à  850 m</td></tr><tr><td>VTT 65 km</td><td>850 à 1050 m</td></tr><tr><td>VTT 75 km</td><td>1050 à 1500 m</td></tr></tbody></table><figcaption class="wp-element-caption"><br>Les bons dénivelés seront communiqués quand les tracés 2026 seront validés.</figcaption></figure>



<p></p>

<p>Randonnée VTT tous publics La randonnée &#8220;Les brumes d&#8217;automne&#8221; est la randonnée organisée par le club depuis plus de 15 ans. Elle se déroule au mois d&#8217;octobre sur l&#8217;ensemble du &#8230;</p>

<!-- This site is optimized with the Yoast SEO plugin v24.4 - https://yoast.com/wordpress/plugins/seo/ -->
<title>Les brumes d&#039;automne - La Malmaire VTT</title>
<meta name="robots" content="index, follow, max-snippet:-1, max-image-preview:large, max-video-preview:-1" />
<link rel="canonical" href="https://vttlamalmaire.fr/index.php/les-brumes-dautomne/" />
<meta property="og:locale" content="en_US" />
<meta property="og:type" content="article" />
<meta property="og:title" content="Les brumes d&#039;automne - La Malmaire VTT" />
<meta property="og:description" content="Randonnée VTT tous publics La randonnée &#8220;Les brumes d&#8217;automne&#8221; est la randonnée organisée par le club depuis plus de 15 ans. Elle se déroule au mois d&#8217;octobre sur l&#8217;ensemble du ..." />
<meta property="og:url" content="https://vttlamalmaire.fr/index.php/les-brumes-dautomne/" />
<meta property="og:site_name" content="La Malmaire VTT" />
<meta property="article:publisher" content="https://www.facebook.com/p/VTT-La-Malmaire-61550856553025/" />
<meta property="article:modified_time" content="2026-01-31T10:26:13+00:00" />
<meta property="og:image" content="https://vttlamalmaire.fr/wp-content/uploads/2026/01/AFF-BRUMES-2026-BD.jpg" />
	<meta property="og:image:width" content="1049" />
	<meta property="og:image:height" content="1403" />
	<meta property="og:image:type" content="image/jpeg" />
<meta name="twitter:card" content="summary_large_image" />
<meta name="twitter:label1" content="Est. reading time" />
	<meta name="twitter:data1" content="2 minutes" />
<script type="application/ld+json" class="yoast-schema-graph">{"@context":"https://schema.org","@graph":[{"@type":"WebPage","@id":"https://vttlamalmaire.fr/index.php/les-brumes-dautomne/","url":"https://vttlamalmaire.fr/index.php/les-brumes-dautomne/","name":"Les brumes d'automne - La Malmaire VTT","isPartOf":{"@id":"https://vttlamalmaire.fr/#website"},"primaryImageOfPage":{"@id":"https://vttlamalmaire.fr/index.php/les-brumes-dautomne/#primaryimage"},"image":{"@id":"https://vttlamalmaire.fr/index.php/les-brumes-dautomne/#primaryimage"},"thumbnailUrl":"http://vttlamalmaire.fr/wp-content/uploads/2026/01/AFF-BRUMES-2026-BD-766x1024.jpg","datePublished":"2025-02-15T17:27:40+00:00","dateModified":"2026-01-31T10:26:13+00:00","breadcrumb":{"@id":"https://vttlamalmaire.fr/index.php/les-brumes-dautomne/#breadcrumb"},"inLanguage":"en-US","potentialAction":[{"@type":"ReadAction","target":["https://vttlamalmaire.fr/index.php/les-brumes-dautomne/"]}]},{"@type":"ImageObject","inLanguage":"en-US","@id":"https://vttlamalmaire.fr/index.php/les-brumes-dautomne/#primaryimage","url":"https://vttlamalmaire.fr/wp-content/uploads/2026/01/AFF-BRUMES-2026-BD.jpg","contentUrl":"https://vttlamalmaire.fr/wp-content/uploads/2026/01/AFF-BRUMES-2026-BD.jpg","width":1049,"height":1403},{"@type":"BreadcrumbList","@id":"https://vttlamalmaire.fr/index.php/les-brumes-dautomne/#breadcrumb","itemListElement":[{"@type":"ListItem","position":1,"name":"Accueil","item":"https://vttlamalmaire.fr/"},{"@type":"ListItem","position":2,"name":"Les brumes d&rsquo;automne"}]},{"@type":"WebSite","@id":"https://vttlamalmaire.fr/#website","url":"https://vttlamalmaire.fr/","name":"vttlamalmaire","description":"","publisher":{"@id":"https://vttlamalmaire.fr/#organization"},"potentialAction":[{"@type":"SearchAction","target":{"@type":"EntryPoint","urlTemplate":"https://vttlamalmaire.fr/?s={search_term_string}"},"query-input":{"@type":"PropertyValueSpecification","valueRequired":true,"valueName":"search_term_string"}}],"inLanguage":"en-US"},{"@type":"Organization","@id":"https://vttlamalmaire.fr/#organization","name":"La Malmaire VTT","url":"https://vttlamalmaire.fr/","logo":{"@type":"ImageObject","inLanguage":"en-US","@id":"https://vttlamalmaire.fr/#/schema/logo/image/","url":"https://vttlamalmaire.fr/wp-content/uploads/2025/02/logo-malmaire-texte-bd.jpg","contentUrl":"https://vttlamalmaire.fr/wp-content/uploads/2025/02/logo-malmaire-texte-bd.jpg","width":160,"height":22,"caption":"La Malmaire VTT"},"image":{"@id":"https://vttlamalmaire.fr/#/schema/logo/image/"},"sameAs":["https://www.facebook.com/p/VTT-La-Malmaire-61550856553025/"]}]}</script>
<!-- / Yoast SEO plugin. -->

Randonnée VTT tous publics La randonnée &#8220;Les brumes d&#8217;automne&#8221; est la randonnée organisée par le club depuis plus de 15 ans. Elle se déroule au mois d&#8217;octobre sur l&#8217;ensemble du ...
